{"id":261,"date":"2025-09-17T16:00:17","date_gmt":"2025-09-17T16:00:17","guid":{"rendered":"https:\/\/bb.kappa-medien.de\/?page_id=261"},"modified":"2026-04-29T23:35:15","modified_gmt":"2026-04-29T23:35:15","slug":"weidebrunnen","status":"publish","type":"page","link":"https:\/\/bb.kappa-medien.de\/?page_id=261","title":{"rendered":"Weidebrunnen"},"content":{"rendered":"\t\t<div data-elementor-type=\"wp-page\" data-elementor-id=\"261\" class=\"elementor elementor-261\" data-elementor-post-type=\"page\">\n\t\t\t\t\t\t<div class=\"elementor-element elementor-element-92067e1 e-con e-atomic-element e-flexbox-base e-92067e1-8dfdf26 section\" data-id=\"92067e1\" data-element_type=\"e-flexbox\" data-e-type=\"e-flexbox\" data-interaction-id=\"92067e1\" data-e-type=\"e-flexbox\" data-id=\"92067e1\">\n\t\t\t\t<div class=\"elementor-element elementor-element-0268ffe e-con e-atomic-element e-flexbox-base e-0268ffe-c5aa755 wrapper\" data-id=\"0268ffe\" data-element_type=\"e-flexbox\" data-e-type=\"e-flexbox\" data-interaction-id=\"0268ffe\" data-e-type=\"e-flexbox\" data-id=\"0268ffe\">\n\t\t\t\t<div class=\"elementor-element elementor-element-aee8e58 e-con e-atomic-element e-flexbox-base DUP_hero-content-wrapper\" data-id=\"aee8e58\" data-element_type=\"e-flexbox\" data-e-type=\"e-flexbox\" data-interaction-id=\"aee8e58\" data-e-type=\"e-flexbox\" data-id=\"aee8e58\">\n\t\t\t\t<div class=\"elementor-element elementor-element-e614f17 e-con e-atomic-element e-flexbox-base e-e614f17-6b6e277\" data-id=\"e614f17\" data-element_type=\"e-flexbox\" data-e-type=\"e-flexbox\" data-interaction-id=\"e614f17\" data-e-type=\"e-flexbox\" data-id=\"e614f17\">\n\t\t\t\t\t<div class=\"e-8c62b06-d3744bf e-svg-base\" data-interaction-id=\"8c62b06\" data-e-type=\"widget\" data-id=\"8c62b06\"><svg xmlns=\"http:\/\/www.w3.org\/2000\/svg\" fill=\"currentColor\" style=\"width: 100%; height: 100%; overflow: unset;\" id=\"Layer_1\" viewBox=\"0 0 512 512\"><defs><style>      .st0 {        fill: #03a9ef;      }      .st1 {        fill: #fff;      }    <\/style><\/defs><path class=\"st0\" d=\"M438.4,329.6c0,101.3-82.1,182.4-182.4,182.4s-182.4-81.1-182.4-182.4S256,0,256,0c0,0,182.4,229.3,182.4,329.6Z\"><\/path><path class=\"st1\" d=\"M256,464c-73.6,0-134.4-59.7-134.4-134.4s7.5-16,16-16,16,7.5,16,16c0,56.5,45.9,102.4,102.4,102.4s16,7.5,16,16-7.5,16-16,16Z\"><\/path><\/svg><\/div>\t\t\t\t\t\t\t\t<p class=\"text-body e-531b54d-a27eda2 e-paragraph-base\" data-interaction-id=\"531b54d\"  data-e-type=\"widget\" data-id=\"531b54d\">\n\t\t\t\t\t\t\t\tRobust und zuverl\u00e4ssig\n\t\t\t\t\t<\/p>\n\t\t\t\t<\/div>\n\t\t\t\t<div class=\"elementor-element elementor-element-538f873 e-con e-atomic-element e-flexbox-base e-538f873-ca26f7d reveal-on-load\" data-id=\"538f873\" data-element_type=\"e-flexbox\" data-e-type=\"e-flexbox\" data-interaction-id=\"538f873\" data-e-type=\"e-flexbox\" data-id=\"538f873\">\n\t\t\t\t\t\t\t\t<p class=\"e-3af2269-f8020ad h1-text reveal-on-load e-paragraph-base\" data-interaction-id=\"3af2269\"  data-e-type=\"widget\" data-id=\"3af2269\">\n\t\t\t\t\t\t\t\tWei\u00adde\u00adbrun\u00adnen\n\t\t\t\t\t<\/p>\n\t\t\t\t<div class=\"elementor-element elementor-element-1f47c7a elementor-widget elementor-widget-html\" data-id=\"1f47c7a\" data-element_type=\"widget\" data-e-type=\"widget\" data-widget_type=\"html.default\">\n\t\t\t\t\t<script>\ndocument.addEventListener('DOMContentLoaded', function () {\n  const reveal = (el, delay = 30) => {\n    if (el.classList.contains('is-revealed')) return;\n    setTimeout(() => {\n      el.classList.add('is-revealed');\n    }, delay);\n  };\n\n  \/\/ Elemente, die direkt beim Laden starten sollen\n  document.querySelectorAll('.reveal-on-load').forEach((el) => {\n    reveal(el, 30);\n  });\n\n  \/\/ Elemente, die erst beim Scrollen starten sollen\n  const scrollElements = document.querySelectorAll('.reveal-on-scroll');\n\n  if ('IntersectionObserver' in window) {\n    const observer = new IntersectionObserver((entries, observer) => {\n      entries.forEach((entry) => {\n        if (entry.isIntersecting) {\n          reveal(entry.target, 30);\n          observer.unobserve(entry.target);\n        }\n      });\n    }, {\n      threshold: 0.15,\n      rootMargin: '0px 0px -5% 0px'\n    });\n\n    scrollElements.forEach((el) => observer.observe(el));\n  } else {\n    \/\/ Fallback f\u00fcr alte Browser\n    scrollElements.forEach((el) => reveal(el, 30));\n  }\n});\n<\/script>\t\t\t\t<\/div>\n\t\t\t\t\t\t\t\n\t\t<img class=\"e-image-base e-48ad94b-5493788\" \n\t\t\t\t\tdata-interaction-id=\"48ad94b\" \n\t\t \n\t\t data-e-type=\"widget\" data-id=\"48ad94b\"\n\t\t\t\t\t\t\t\t\tid=\"49\"\n\t\t\t\t\t\t\t\t\t\t\t\tsrc=\"https:\/\/bb.kappa-medien.de\/wp-content\/uploads\/2025\/09\/drop-pattern.png\"\n\t\t\t\t\t\t\t\t\t\t\t\twidth=\"400\"\n\t\t\t\t\t\t\t\t\t\t\t\theight=\"192\"\n\t\t\t\t\t\t\t\t\t\t\t\tsrcset=\"https:\/\/bb.kappa-medien.de\/wp-content\/uploads\/2025\/09\/drop-pattern.png 400w, https:\/\/bb.kappa-medien.de\/wp-content\/uploads\/2025\/09\/drop-pattern-300x144.png 300w\"\n\t\t\t\t\t\t\t\t\t\t\t\talt=\"\"\n\t\t\t\t\t\t\/>\n\t\t\t\t\t<\/div>\n\t\t\t\t<\/div>\n\t\t\t\t<\/div>\n\t\t\t\t<\/div>\n\t\t\t\t<div class=\"elementor-element elementor-element-f2ace84 e-con e-atomic-element e-div-block-base section e-f2ace84-3ce0a3b\" data-id=\"f2ace84\" data-element_type=\"e-div-block\" data-e-type=\"e-div-block\" data-interaction-id=\"f2ace84\" data-e-type=\"e-div-block\" data-id=\"f2ace84\">\n\t\t\t\t<div class=\"elementor-element elementor-element-4263790 e-con e-atomic-element e-flexbox-base wrapper\" data-id=\"4263790\" data-element_type=\"e-flexbox\" data-e-type=\"e-flexbox\" data-interaction-id=\"4263790\" data-e-type=\"e-flexbox\" data-id=\"4263790\">\n\t\t\t\t<div class=\"elementor-element elementor-element-4858a80 e-con e-atomic-element e-div-block-base container-basic\" data-id=\"4858a80\" data-element_type=\"e-div-block\" data-e-type=\"e-div-block\" data-interaction-id=\"4858a80\" data-e-type=\"e-div-block\" data-id=\"4858a80\">\n\t\t\t\t\t\t\t<h2 \n\t\tdata-interaction-id=\"3485da6\" \n\t\tclass=\"text-h2 reveal-on-scroll e-heading-base\" \n\t\t \n\t\tdata-e-type=\"widget\" data-id=\"3485da6\"\n\t>\n\t\n\t\t\tWasser f\u00fcr Weidetiere direkt aus dem eigenen Brunnen\n\t\t<\/h2>\n\t\t\t\t\t\t\t\t<p class=\"text-body e-paragraph-base\" data-interaction-id=\"9a75b5a\"  data-e-type=\"widget\" data-id=\"9a75b5a\">\n\t\t\t\t\t\t\t\tBei Weidebrunnen handelt es sich um relativ kleine Brunnen, die im Trockenbohrverfahren erstellt werden. Voraussetzung f\u00fcr einen Weidebrunnen ist ein hoher Grundwasserstand, das Grundwasser sollte jedoch nicht tiefer als 6 Meter unter Gel\u00e4nde Oberkannte anzutreffen sein, damit die Membranpumpe das Wasser auch f\u00f6rdern kann. Membranpumpen sind so konzipiert, dass K\u00fche oder Pferde diese durch Eigenkraft bewegen k\u00f6nnen und so das Wasser gef\u00f6rdert wird. Eine weitere M\u00f6glichkeit w\u00e4re es eine Schwengelpumpe anzuschlie\u00dfen, mit dieser kann ein Trog gef\u00fcllt werden aus dem sich das Vieh dann bedient.\n\t\t\t\t\t<\/p>\n\t\t\t\t\t\t\t\t<p class=\"text-body e-paragraph-base\" data-interaction-id=\"17dc44a\"  data-e-type=\"widget\" data-id=\"17dc44a\">\n\t\t\t\t\t\t\t\tFalls ein Stromanschluss zur Verf\u00fcgung steht, kann auch eine Tiefbrunnenpumpe installiert werden. In diesem Fall spielt die Tiefe des Grundwasserleiters keine Rolle.\n\t\t\t\t\t<\/p>\n\t\t\t\t\t    \t            <button class=\"button-primary text-body-small-accent-vers e-button-base\" data-interaction-id=\"0d0ae06\"  data-e-type=\"widget\" data-id=\"0d0ae06\">\n            Kontakt aufnehmen\n        <\/button>\n    \t\t\t\t<\/div>\n\t\t\t\t<div class=\"elementor-element elementor-element-fa1532b e-con e-atomic-element e-div-block-base container-basic reveal-on-scroll\" data-id=\"fa1532b\" data-element_type=\"e-div-block\" data-e-type=\"e-div-block\" data-interaction-id=\"fa1532b\" data-e-type=\"e-div-block\" data-id=\"fa1532b\">\n\t\t\t\t<div class=\"elementor-element elementor-element-a0584ed elementor--h-position-center elementor--v-position-middle elementor-arrows-position-inside elementor-widget elementor-widget-slides\" data-id=\"a0584ed\" data-element_type=\"widget\" data-e-type=\"widget\" data-settings=\"{&quot;navigation&quot;:&quot;arrows&quot;,&quot;autoplay&quot;:&quot;yes&quot;,&quot;pause_on_hover&quot;:&quot;yes&quot;,&quot;pause_on_interaction&quot;:&quot;yes&quot;,&quot;autoplay_speed&quot;:5000,&quot;infinite&quot;:&quot;yes&quot;,&quot;transition&quot;:&quot;slide&quot;,&quot;transition_speed&quot;:500}\" data-widget_type=\"slides.default\">\n\t\t\t\t\t\t\t\t\t\t<div class=\"elementor-slides-wrapper elementor-main-swiper swiper\" role=\"region\" aria-roledescription=\"carousel\" aria-label=\"Slider\" dir=\"ltr\" data-animation=\"fadeInUp\">\n\t\t\t\t<div class=\"swiper-wrapper elementor-slides\">\n\t\t\t\t\t\t\t\t\t\t<div class=\"elementor-repeater-item-74aebe1 swiper-slide\" role=\"group\" aria-roledescription=\"slide\"><div class=\"swiper-slide-bg\" role=\"img\" aria-label=\"weidebrunnen-weidepumpe-viehtraenke-pferdetraenke\"><\/div><div class=\"swiper-slide-inner\" ><div class=\"swiper-slide-contents\"><\/div><\/div><\/div><div class=\"elementor-repeater-item-3dc60fe swiper-slide\" role=\"group\" aria-roledescription=\"slide\"><div class=\"swiper-slide-bg\" role=\"img\" aria-label=\"weidebrunnen-weidepumpe-viehtraenke-pferdetraenke\"><\/div><div class=\"swiper-slide-inner\" ><div class=\"swiper-slide-contents\"><\/div><\/div><\/div>\t\t\t\t<\/div>\n\t\t\t\t\t\t\t\t\t\t\t\t\t\t\t<div class=\"elementor-swiper-button elementor-swiper-button-prev\" role=\"button\" tabindex=\"0\" aria-label=\"Vorheriger Slide\">\n\t\t\t\t\t\t\t<svg aria-hidden=\"true\" class=\"e-font-icon-svg e-eicon-chevron-left\" viewBox=\"0 0 1000 1000\" xmlns=\"http:\/\/www.w3.org\/2000\/svg\"><path d=\"M646 125C629 125 613 133 604 142L308 442C296 454 292 471 292 487 292 504 296 521 308 533L604 854C617 867 629 875 646 875 663 875 679 871 692 858 704 846 713 829 713 812 713 796 708 779 692 767L438 487 692 225C700 217 708 204 708 187 708 171 704 154 692 142 675 129 663 125 646 125Z\"><\/path><\/svg>\t\t\t\t\t\t<\/div>\n\t\t\t\t\t\t<div class=\"elementor-swiper-button elementor-swiper-button-next\" role=\"button\" tabindex=\"0\" aria-label=\"N\u00e4chster Slide\">\n\t\t\t\t\t\t\t<svg aria-hidden=\"true\" class=\"e-font-icon-svg e-eicon-chevron-right\" viewBox=\"0 0 1000 1000\" xmlns=\"http:\/\/www.w3.org\/2000\/svg\"><path d=\"M696 533C708 521 713 504 713 487 713 471 708 454 696 446L400 146C388 133 375 125 354 125 338 125 325 129 313 142 300 154 292 171 292 187 292 204 296 221 308 233L563 492 304 771C292 783 288 800 288 817 288 833 296 850 308 863 321 871 338 875 354 875 371 875 388 867 400 854L696 533Z\"><\/path><\/svg>\t\t\t\t\t\t<\/div>\n\t\t\t\t\t\t\t\t\t\t\t\t\t\t\t\t\t<\/div>\n\t\t\t\t\t\t\t\t<\/div>\n\t\t\t\t<\/div>\n\t\t\t\t<\/div>\n\t\t\t\t<\/div>\n\t\t\t\t<\/div>\n\t\t","protected":false},"excerpt":{"rendered":"<p>Robust und zuverl\u00e4ssig Wei\u00adde\u00adbrun\u00adnen Wasser f\u00fcr Weidetiere direkt aus dem eigenen Brunnen Bei Weidebrunnen handelt es sich um relativ kleine Brunnen, die im Trockenbohrverfahren erstellt werden. Voraussetzung f\u00fcr einen Weidebrunnen ist ein hoher Grundwasserstand, das Grundwasser sollte jedoch nicht tiefer als 6 Meter unter Gel\u00e4nde Oberkannte anzutreffen sein, damit die Membranpumpe das Wasser auch f\u00f6rdern [&hellip;]<\/p>\n","protected":false},"author":1,"featured_media":0,"parent":25,"menu_order":0,"comment_status":"closed","ping_status":"closed","template":"","meta":{"footnotes":""},"class_list":["post-261","page","type-page","status-publish","hentry"],"_links":{"self":[{"href":"https:\/\/bb.kappa-medien.de\/index.php?rest_route=\/wp\/v2\/pages\/261","targetHints":{"allow":["GET"]}}],"collection":[{"href":"https:\/\/bb.kappa-medien.de\/index.php?rest_route=\/wp\/v2\/pages"}],"about":[{"href":"https:\/\/bb.kappa-medien.de\/index.php?rest_route=\/wp\/v2\/types\/page"}],"author":[{"embeddable":true,"href":"https:\/\/bb.kappa-medien.de\/index.php?rest_route=\/wp\/v2\/users\/1"}],"replies":[{"embeddable":true,"href":"https:\/\/bb.kappa-medien.de\/index.php?rest_route=%2Fwp%2Fv2%2Fcomments&post=261"}],"version-history":[{"count":22,"href":"https:\/\/bb.kappa-medien.de\/index.php?rest_route=\/wp\/v2\/pages\/261\/revisions"}],"predecessor-version":[{"id":832,"href":"https:\/\/bb.kappa-medien.de\/index.php?rest_route=\/wp\/v2\/pages\/261\/revisions\/832"}],"up":[{"embeddable":true,"href":"https:\/\/bb.kappa-medien.de\/index.php?rest_route=\/wp\/v2\/pages\/25"}],"wp:attachment":[{"href":"https:\/\/bb.kappa-medien.de\/index.php?rest_route=%2Fwp%2Fv2%2Fmedia&parent=261"}],"curies":[{"name":"wp","href":"https:\/\/api.w.org\/{rel}","templated":true}]}}